False
Is 58462 a multiple of 101?
False
Is 39 a factor of 993653?
False
Is 7 a factor of 1689466?
False
Is 765930 a multiple of 110?
True
Does 18 divide 3113352?
True
Is 18 a factor of 661603?
False
Is 19 a factor of 836978?
False
Does 402 divide 2912088?
True
Does 10 divide 822608?
False
Is 8643 a multiple of 3?
True
Is 24 a factor of 77554?
False
Is 5 a factor of 7680?
True
Is 3051917 a multiple of 41?
True
Does 183 divide 32025?
True
Is 1143815 a multiple of 178?
False
Is 733 a factor of 534067?
False
Does 186 divide 208794?
False
Is 2569775 a multiple of 46?
False
Is 15 a factor of 489435?
True
Is 2 a factor of 430687?
False
Is 326 a factor of 25428?
True
Is 225525 a multiple of 485?
True
Is 13 a factor of 1524861?
True
Does 5 divide 239965?
True
Is 11441169 a multiple of 2151?
True
Is 144628 a multiple of 257?
False
Is 3 a factor of 4474?
False
Does 671 divide 4884880?
True
Is 130 a factor of 2326001?
False
Does 18 divide 45647?
False
Does 185 divide 3646720?
True
Is 3136222 a multiple of 437?
False
Is 5324488 a multiple of 668?
False
Is 27045 a multiple of 8?
False
Does 559 divide 3753685?
True
Does 35 divide 2857190?
True
Does 11 divide 449834?
True
Is 423 a factor of 331959?
False
Is 3106401 a multiple of 14?
False
Is 89388 a multiple of 117?
True
Does 11 divide 2695?
True
Is 310 a factor of 8830662?
False
Is 169209 a multiple of 81?
True
Is 1056 a factor of 2324256?
True
Does 18 divide 237438?
True
Is 821981 a multiple of 291?
False
Does 19 divide 12644970?
False
Is 1916655 a multiple of 14?
False
Does 3 divide 21546?
True
Is 15 a factor of 6696233?
False
Is 696986 a multiple of 58?
True
Does 137 divide 2867684?
True
Is 127790 a multiple of 26?
True
Is 886 a factor of 1977552?
True
Does 102 divide 6882246?
True
Is 42 a factor of 111205?
False
Is 22508 a multiple of 146?
False
Does 69 divide 176079?
False
Is 5612 even?
True
Is 306 a factor of 1969559?
False
Is 140 a factor of 1159620?
True
Is 153 a factor of 25768?
False
Is 17 a factor of 281024?
False
Is 512820 a multiple of 330?
True
Is 9 a factor of 149015?
False
Does 39 divide 25662?
True
Is 11 a factor of 156849?
True
Is 191 a factor of 197513?
False
Does 20 divide 49546?
False
Is 622776 a multiple of 462?
True
Is 19 a factor of 2418168?
True
Is 4 a factor of 257693?
False
Does 97 divide 1209687?
True
Is 321 a factor of 19154081?
False
Does 2 divide 20197?
False
Is 2881980 a multiple of 70?
False
Is 417 a factor of 280179?
False
Is 1035356 a multiple of 28?
True
Is 37 a factor of 5621269?
False
Is 291861 a multiple of 40?
False
Is 1049886 a multiple of 102?
True
Does 134 divide 11568756?
True
Does 94 divide 617768?
True
Is 14 a factor of 737184?
True
Is 225953 a multiple of 269?
False
Is 1417502 a multiple of 58?
False
Does 91 divide 17013252?
False
Does 95 divide 416018?
False
Is 7 a factor of 1866004?
True
Does 17 divide 77962?
True
Is 14424 a multiple of 6?
True
Does 34 divide 167926?
True
Is 298 a factor of 281586?
False
Is 419468 a multiple of 28?
True
Is 133 a factor of 203756?
True
Is 585056 a multiple of 813?
False
Does 156 divide 135720?
True
Is 47475 a multiple of 77?
False
Is 290 a factor of 518810?
True
Does 182 divide 12281542?
True
Does 165 divide 1023661?
False
Is 30619040 a multiple of 160?
True
Is 271 a factor of 122967?
False
Is 11462048 a multiple of 59?
True
Is 2610454 a multiple of 77?
True
Is 3 a factor of 9035?
False
Does 5 divide 869685?
True
Does 15 divide 5259688?
False
Is 8 a factor of 74024?
True
Does 204 divide 2752676?
False
Is 1411212 a multiple of 13?
False
Does 96 divide 377129?
False
Is 164198 a multiple of 29?
True
Does 261 divide 118233?
True
Is 37 a factor of 10253805?
False
Is 4424855 a multiple of 366?
False
Is 44 a factor of 1771895?
False
Is 150416 a multiple of 56?
True
Is 70 a factor of 443031?
False
Does 74 divide 6889607?
False
Is 25 a factor of 490200?
True
Is 25 a factor of 9303125?
True
Does 16 divide 78336?
True
Is 48026 a multiple of 127?
False
Is 653 a factor of 1208703?
True
Is 3860150 a multiple of 7?
True
Is 8514602 a multiple of 7?
False
Does 16 divide 2376016?
True
Does 13 divide 14104172?
False
Is 2036354 a multiple of 32?
False
Does 21 divide 5233116?
True
Is 558081 a multiple of 177?
True
Is 18 a factor of 147758?
False
Is 25340588 a multiple of 26?
True
Does 35 divide 454062?
False
Is 458897 a multiple of 88?
False
Does 157 divide 7087608?
True
Is 97736 a multiple of 76?
True
Is 430253 a multiple of 49?
False
Is 353618 a multiple of 15?
False
Is 17 a factor of 8379351?
True
Is 59 a factor of 21014915?
True
Does 8 divide 32298504?
True
Does 615 divide 1408965?
True
Is 1157740 a multiple of 10?
True
Does 71 divide 5579748?
True
Is 14 a factor of 469420?
True
Is 14 a factor of 147812?
True
Does 6 divide 138952?
False
Is 14 a factor of 173090?
False
Is 527085 a multiple of 1105?
True
Is 185 a factor of 3626464?
False
Does 10 divide 4573646?
False
Is 258 a factor of 739698?
False
Is 36 a factor of 806328?
True
Is 1119613 a multiple of 209?
True
Is 20 a factor of 118387?
False
Is 1304343 a multiple of 2?
False
Does 13 divide 791089?
True
Does 5 divide 1379260?
True
Is 87 a factor of 15510170?
False
Is 12 a factor of 561576?
True
Does 803 divide 406035?
False
Is 236 a factor of 397420?
False
Does 134 divide 410844?
True
Is 2474607 a multiple of 76?
False
Does 139 divide 640790?
True
Is 1138759 a multiple of 59?
True
Is 176562 a multiple of 306?
True
Is 16544 a multiple of 4?
True
Does 123 divide 1094698?
False
Does 4 divide 177710?
False
Does 294 divide 230496?
True
Is 3179972 a multiple of 231?
False
Is 333684 a multiple of 26?
True
Is 81 a factor of 26668719?
False
Is 1030291 a multiple of 413?
False
Does 5 divide 40270?
True
Does 1188 divide 26089668?
True
Is 1568270 a multiple of 68?
False
Does 100 divide 1291277?
False
Is 70 a factor of 2834984?
False
Does 8 divide 646396?
False
Is 147816 a multiple of 65?
False
Is 56 a factor of 123598?
False
Is 130 a factor of 434850?
True
Does 18 divide 56642?
False
Is 8 a factor of 3075408?
True
Does 110 divide 2206854?
False
Is 2 a factor of 1817?
False
Is 13 a factor of 1831258?
True
Is 30 a factor of 321060?
True
Does 46 divide 4213246?
False
Is 284 a factor of 1330347?
False
Is 220 a factor of 4164422?
False
Is 436913 a multiple of 19?
False
Is 243655 a multiple of 4?
False
Is 22547 a multiple of 13?
False
Is 26 a factor of 71209?
False
Is 40 a factor of 446320?
True
Is 475 a factor of 180164?
False
Is 1220265 a multiple of 207?
True
Does 27 divide 2220080?
False
Is 90104 a multiple of 7?
True
Is 441 a factor of 2999682?
True
Does 476 divide 798272?
False
Is 182655 a multiple of 205?
True
Does 42 divide 95130?
True
Does 43 divide 1534845?
False
Is 97848 a multiple of 604?
True
Does 4 divide 248140?
True
Is 464 a factor of 1668544?
True
Does 476 divide 152320?
True
Is 4832 a multiple of 16?
True
Is 13080399 a multiple of 1941?
True
Does 299 divide 4913442?
False
Is 75702 a multiple of 66?
True
Does 18 divide 20251?
False
Does 93 divide 1075824?
True
Does 31 divide 1060417?
True
Does 11 divide 4377?
False
Is 10942 a multiple of 9?
False
Does 25 divide 82840?
False
Does 2 divide 187766?
True
Is 36 a factor of 27252?
True
Is 923076 a multiple of 148?
True
Does 45 divide 10710?
True
Does 22 divide 69551?
False
Is 2755738 a multiple of 23?
False
Is 5 a factor of 278413?
False
Does 48 divide 291408?
True
Does 79 divide 576009?
False
Is 81760 a multiple of 71?
False
Is 679405 a multiple of 14?
False
Is 12073600 a multiple of 11?
True
Does 244 divide 126636?
True
Is 251 a factor of 4343304?
True
Is 17271 a multiple of 19?
True
Is 512870 a multiple of 10?
True
Is 320 a factor of 351896?
False
Does 235 divide 3128320?
True
Does 265 divide 458185?
True
Is 4615380 a multiple of 55?
True
Does 272 divide 753984?
True
Is 26416 even?
True
Is 86 a factor of 344860?
True
Is 496050 a multiple of 50?
True
Does 13 divide 701953?
False
Does 523 divide 1074242?
True
Does 14 divide 37940?
True
Is 29387 a multiple of 4?
False
Is 2233185 a multiple of 67?
False
Is 145 a factor of 3628770?
True
Does 69 divide 173159?
False
Is 636 a factor of 2816844?
True
Is 89 a factor of 1247515?
False
Is 35026 a multiple of 50?
False
Is 95 a factor of 657780?
True
Is 622474 a multiple of 13?
False
Does 243 divide 11400